+ 60?
330123
In base 3, what is -1210110100 + 122?
-1210102201
In base 12, what is 2 - 86368?
-86366
In base 10, what is -4189805 + -1?
-4189806
In base 7, what is -466 + 26363226?
26362430
In base 7, what is 326414 + 445?
330162
In base 16, what is 0 + -5778c8?
-5778c8
In base 12, what is 10 + 71939?
71949
In base 9, what is 8200382 - -113?
8200505
In base 5, what is -1140011323 - -140?
-1140011133
In base 10, what is 808 + 18895?
19703
In base 5, what is 11231404 + 10?
11231414
In base 8, what is -12771 + 2204?
-10565
In base 15, what is -3243d2b + -1?
-3243d2c
In base 16, what is -20 + 15c497f?
15c495f
In base 6, what is -33454 - -510145?
432251
In base 14, what is c00 - -28a7b?
2987b
In base 3, what is 1220 - -1211000011222?
1211000020212
In base 6, what is 1030100 + 144?
1030244
In base 7, what is -241432636 - -3?
-241432633
In base 14, what is 13 - -168505a?
168506d
In base 16, what is -4 + -6204c0?
-6204c4
In base 9, what is 2 + -60884548?
-60884546
In base 13, what is 16263 - c?
16254
In base 4, what is 101221201322 - -30?
101221202012
In base 5, what is -21031 + -11132220?
-11203301
In base 16, what is -16 - -1221e?
12208
In base 12, what is 284 + 19856?
19b1a
In base 12, what is 53a35 + -13?
53a22
In base 5, what is 2 - -10104040004?
10104040011
In base 15, what is -32 + -c8d309?
-c8d33b
In base 6, what is 342 - 14125032?
-14124250
In base 13, what is 3 - 8635433?
-8635430
In base 16, what is -5961b + 4?
-59617
In base 10, what is 9 - -4809719?
4809728
In base 14, what is 4608b38 + -6?
4608b32
In base 12, what is -4 + -6952421?
-6952425
In base 2, what is 1001010100110001001000 - 10010?
1001010100110000110110
In base 16, what is -360c1cd + 5?
-360c1c8
In base 10, what is 1301 + 1816?
3117
In base 8, what is 445120 + -12?
445106
In base 11, what is 4128 + 1071?
5199
In base 4, what is 1132002 - 10322213?
-3130211
In base 12, what is -38 + 3076197?
307615b
In base 9, what is -451553 + 44?
-451508
In base 5, what is 100 + -12122201?
-12122101
In base 2, what is 100000110111101001111010010 - -11?
100000110111101001111010101
In base 10, what is -3229990 + -50?
-3230040
In base 3, what is 21012222221010000 + -12?
21012222221002211
In base 16, what is 440b3af - 2?
440b3ad
In base 3, what is 10200 + 202021100201?
202021111101
In base 15, what is c7 + -2c29?
-2b52
In base 15, what is -4acd7de - -4?
-4acd7da
In base 15, what is -2 - bc81d08?
-bc81d0a
In base 8, what is -101 - -523645?
523544
In base 7, what is 115 - -126310626?
126311044
In base 16, what is 6 - 3aa59?
-3aa53
In base 2, what is 110010101 - -110010010101100?
110011001000001
In base 5, what is -4012 - -202230?
143213
In base 13, what is -57 - 17780?
-17807
In base 14, what is -12b7d + -1c99?
-14a38
In base 6, what is -5 + 131315054?
131315045
In base 16, what is -3464b + -1b3?
-347fe
In base 13, what is c - 128288?
-128279
In base 3, what is 110201212121 - 100?
110201212021
In base 8, what is -527176 + 11560?
-515416
In base 13, what is -4ab0 - 251?
-5031
In base 3, what is 210210112011 - 1101?
210210110210
In base 7, what is 10460563 - -6?
10460602
In base 7, what is -2 + -25614331?
-25614333
In base 8, what is -20 + 1216231?
1216211
In base 13, what is 195a2369 - 5?
195a2364
In base 8, what is -31 + -2200615?
-2200646
In base 12, what is 4 - -1258894?
1258898
In base 4, what is -21133021131 + 3?
-21133021122
In base 15, what is -3a5a - -36a?
-36e0
In base 11, what is -43a87a26 - -3?
-43a87a23
In base 2, what is 10100101100011 + -1100010111111?
1000010100100
In base 6, what is -10 - 1231443132?
-1231443142
In base 3, what is -1221200200202 - 10?
-1221200200212
In base 7, what is 2 + 6125546635?
6125546640
In base 6, what is 14552 + -1025505?
-1010513
In base 10, what is 684964 + 79?
685043
In base 14, what is -301 - -73b35?
73834
In base 2, what is -100001001000101 + -1001010000011?
-101010011001000
In base 5, what is -43234 + -4120204?
-4213443
In base 13, what is 1141 + 74a20?
75b61
In base 2, what is 11 - 1010010101100001110101?
-1010010101100001110010
In base 8, what is 260 + -467523?
-467243
In base 8, what is 161261 + -222?
161037
In base 16, what is 5e72 - -107a?
6eec
In base 12, what is 3562778 - -4?
3562780
In base 11, what is -8567 - -780?
-7897
In base 2, what is -10101011001110001011 + 10000101?
-10101011001100000110
In base 13, what is -1 + 1704233?
1704232
In base 12, what is -1041744b - 4?
-10417453
In base 15, what is -bd - -b50b?
b43d
In base 8, what is 2 - 1113365310?
-1113365306
In base 14, what is 9 + -3d28261?
-3d28256
In base 12, what is -6 - 801b57b?
-801b585
In base 2, what is 1 - 10000111010011010101101?
-10000111010011010101100
In base 7, what is -2444131 - 352?
-2444513
In base 6, what is 25 - 322032510?
-322032441
In base 11, what is 4 - -830721?
830725
In base 10, what is 0 + 2834143?
2834143
In base 16, what is -9 + -167e1?
-167ea
In base 11, what is -521 - -142a3?
13882
In base 13, what is 476 - -11856?
11ccc
In base 6, what is 5411 - -143234?
153045
In base 16, what is -4038 - 19d?
-41d5
In base 15, what is 1 - 3b65b2?
-3b65b1
In base 15, what is -ba19c2 - 0?
-ba19c2
In base 15, what is 2 + -4b5905?
-4b5903
In base 2, what is 100111011100 + 101?
100111100001
In base 7, what is -3603 - -20446?
13543
In base 16, what is 199f76f - 11?
199f75e
In base 13, what is 305a2 - -461?
30a33
In base 5, what is -3 + 2140144113?
2140144110
In base 4, what is -123033123012222 + 1?
-123033123012221
In base 16, what is -1fa5b + 97e?
-1f0dd
In base 10, what is -122 + -979569?
-979691
In base 5, what is -21112 + 1344033?
1322421
In base 3, what is 1102010 - -20211201202?
20220010212
In base 14, what is 1dd6673c - 5?
1dd66737
In base 8, what is -4664234546 + 1?
-4664234545
In base 6, what is -24524 - -525233?
500305
In base 15, what is -2 - -1211794?
1211792
In base 7, what is 1050 - -303500?
304550
In base 7, what is -3 - -24555022?
24555016
In base 3, what is -2210 + -221000100222?
-221000110202
In base 7, what is 1136 - 4562205?
-4561036
In base 4, what is 1300 + 3323022310?
3323030210
In base 10, what is 130 - 143507?
-143377
In base 15, what is d418c + 2e?
d41bb
In base 4, what is -2020113 + 1022002?
-332111
In base 2, what is 101001010001111000000 + 11101?
101001010001111011101
In base 11, what is 10524 - -10341?
20865
In base 2, what is -1000110101 - -1100110101001100001?
1100110100000101100
In base 9, what is 266 - 1814462?
-1814185
In base 14, what is -4775c4 + 8?
-4775ba
In base 12, what is -778358 + -1?
-778359
In base 15, what is 1a45 - -18be?
3414
In base 16, what is -678 + -57a00?
-58078
In base 15, what is e - -361c0b?
361c1a
In base 3, what is -11001012212010 - -1211?
-11001012210022
In base 12, what is 16b8 - 6b6?
1002
In base 3, what is 220110202 - -2122021?
1000010000
In base 4, what is -10013 - 2110321222?
-2110331301
In base 10, what is 8 - 218245?
-218237
In base 16, what is 2764c1 + 2?
2764c3
In base 12, what is -4 - 12494?
-12498
In base 16, what is -20b81 - -11?
-20b70
In base 12, what is 954aa1 - 56?
954a47
In base 3, what is -1 + 2210120010211220?
2210120010211212
In base 13, what is -147b - 1617?
-2a95
In base 14, what is 5cc1 - 1a1d?
42a2
In base 7, what is 42 + -240300031?
-240266656
In base 16, what is 23b3 + -5b32?
-377f
In base 6, what is 1145 - 314224?
-313035
In base 11, what is 11 - -1a70776?
1a70787
In base 11, what is -641 + -187763?
-1882a4
In base 13, what is 865b + -3b44?
4817
In base 3, what is -11110010201220021 + -10?
-11110010201220101
In base 5, what is -122230421 - 11432?
-122242403
In base 8, what is 70136 - 524?
67412
In base 13, what is 315ac3 + 3b?
315b31
In base 15, what is -3be + -9b1d3?
-9b5a2
In base 4, what is 202321321131 + -20?
202321321111
In base 3, what is 101200210011 - 1022021?
101122110220
In base 14, what is -5 - -52c4c9?
52c4c4
In base 9, what is 3465 + 3765?
7341
In base 8, what is 21124315 - 3?
21124312
In base 8, what is -5015777 - -31?
-5015746
In base 14, what is -5 + 371db?
371d6
In base 11, what is 7230810 - -2?
7230812
In base 8, what is -3256130 + 3?
-3256125
In base 10, what is -1 - -268811868?
268811867
In base 12, what is 4 + -4111180?
-4111178
In base 14, what is d2 + -5c01?
-5b0d
In base 4, what is -132213 - -31112323?
30320110
In base 10, what is 233553 - -235?
233788
In base 9, what